
In base 4, what is -1003 + 2?
-1001
In base 11, what is 3 - 71?
-69
In base 4, what is 10201 - 133?
10002
In base 15, what is 54 + 2?
56
In base 7, what is 511 + 2?
513
In base 12, what is -89b + -5?
-8a4
In base 12, what is -13 - -5?
-a
In base 14, what is -50 + 12?
-3c
In base 6, what is -1153110 - 2?
-1153112
In base 13, what is 1b - 5?
16
In base 13, what is -8 + 144?
139
In base 10, what is 1047 + 4?
1051
In base 8, what is -7 - -51?
42
In base 15, what is 6 + -133c?
-1336
In base 6, what is 4011 - -5?
4020
In base 5, what is -43341 + -3?
-43344
In base 6, what is 2 - -114?
120
In base 8, what is 4 - -4123?
4127
In base 5, what is -2 - 4122?
-4124
In base 13, what is -111 + 3?
-10b
In base 3, what is 20112111 - -2?
20112120
In base 6, what is 30 + -105?
-35
In base 3, what is -110011 - 1?
-110012
In base 13, what is -25c + -13?
-272
In base 7, what is 3 - 6432?
-6426
In base 8, what is -2 - -412?
410
In base 14, what is -2c1 + -5?
-2c6
In base 9, what is 16001 + 3?
16004
In base 3, what is -110001010 + 10?
-110001000
In base 7, what is -12 + 2?
-10
In base 11, what is -4a7 - 4?
-500
In base 13, what is 4 - 2?
2
In base 5, what is 4 - -4132?
4141
In base 7, what is -534 + -4?
-541
In base 7, what is -104 + -124?
-231
In base 6, what is 41 + 44?
125
In base 6, what is -450 + -1?
-451
In base 7, what is -3 - -123?
120
In base 11, what is -23 + -6?
-29
In base 16, what is 4 + 1e?
22
In base 15, what is -29 + -260?
-289
In base 12, what is b + 308?
317
In base 16, what is -78 + -2?
-7a
In base 8, what is 10242 - -1?
10243
In base 8, what is 2264 - 10?
2254
In base 4, what is -1 + -3322?
-3323
In base 2, what is -11 - 1010000?
-1010011
In base 12, what is 69 - 63?
6
In base 10, what is -3 + 29?
26
In base 2, what is -101 + -10111110100?
-10111111001
In base 6, what is 4 + 11005?
11013
In base 3, what is -1101211 + -1?
-1101212
In base 7, what is -216 + -4?
-223
In base 16, what is 21a1 - -2?
21a3
In base 10, what is -172 - 7?
-179
In base 11, what is 23 - -11?
34
In base 16, what is 3ad - 2?
3ab
In base 13, what is -10 - 66a?
-67a
In base 14, what is 7 + -5a?
-53
In base 4, what is -2332 - 11?
-3003
In base 14, what is -4 - -134?
130
In base 12, what is 72 + 1?
73
In base 10, what is 0 + 61?
61
In base 9, what is -154 - -6?
-147
In base 6, what is -14 + -45?
-103
In base 8, what is -44 - -3?
-41
In base 13, what is -6 - 190?
-196
In base 11, what is 23 - -47?
6a
In base 7, what is -521 + 125?
-363
In base 9, what is 1 - 107?
-106
In base 7, what is -1 - -30?
26
In base 9, what is 1100 - 3?
1086
In base 11, what is -3 + 396?
393
In base 10, what is 0 - 112?
-112
In base 13, what is -1 - -172?
171
In base 3, what is 10022 - -101?
10200
In base 14, what is -11 - 17?
-28
In base 5, what is 24342 - 2?
24340
In base 15, what is -1 - -274?
273
In base 11, what is -123 + 38?
-96
In base 12, what is -3 + -38?
-3b
In base 6, what is 5 - 401?
-352
In base 5, what is -11331 - -13?
-11313
In base 4, what is -11 - -1210012?
1210001
In base 3, what is -1012 - -201?
-111
In base 13, what is 1527 - -5?
152c
In base 7, what is 33430 - -1?
33431
In base 8, what is -3 + -2?
-5
In base 3, what is 11 + 22122?
22210
In base 4, what is -11 + -1101?
-1112
In base 9, what is -8 + 32?
23
In base 9, what is 71 + -146?
-65
In base 7, what is 10100 + -5?
10062
In base 9, what is 2 + 71?
73
In base 15, what is -3b + 33?
-8
In base 5, what is -4 + 110302?
110243
In base 14, what is -6bb + 2?
-6b9
In base 9, what is 4 + 533?
537
In base 8, what is 0 + 20?
20
In base 2, what is 111 - 110000100?
-101111101
In base 13, what is -4b4 - 4?
-4b8
In base 16, what is -9 + 1e?
15
In base 7, what is 420 + 5?
425
In base 4, what is -2030 + 1?
-2023
In base 3, what is 11 + 1020?
1101
In base 14, what is 931 + -4?
92b
In base 7, what is -1616 - 12?
-1631
In base 10, what is 48 - -1?
49
In base 13, what is -15c + 26?
-136
In base 8, what is 1 + 1635?
1636
In base 16, what is -1b4f - 5?
-1b54
In base 14, what is 3 + -304?
-301
In base 3, what is -110 - 220210?
-221020
In base 13, what is 238 + -2c?
209
In base 5, what is -11 + 14132?
14121
In base 10, what is -82 - 1?
-83
In base 13, what is 424 + -2?
422
In base 11, what is 4 - 271?
-268
In base 7, what is -3 - -103?
100
In base 14, what is -1 - -171?
170
In base 10, what is 17 - 671?
-654
In base 12, what is 126 + -4?
122
In base 15, what is 25a + 0?
25a
In base 13, what is -1a69 - 5?
-1a71
In base 8, what is 2110 - 2?
2106
In base 3, what is -12022 + 10?
-12012
In base 5, what is 32 - 120?
-33
In base 7, what is -5042 + 1?
-5041
In base 9, what is -5720 - 2?
-5722
In base 16, what is ae9 - -3?
aec
In base 10, what is -5 - 58?
-63
In base 13, what is 5 - 42?
-3a
In base 12, what is 2 - 19?
-17
In base 16, what is 0 + 113?
113
In base 7, what is 6 + -6?
0
In base 6, what is 143 + 12?
155
In base 12, what is -757 + 1?
-756
In base 16, what is 27 - -12?
39
In base 13, what is 3 - -398?
39b
In base 13, what is 277 - 6?
271
In base 2, what is -100 - -100100110?
100100010
In base 9, what is 5 + -65?
-60
In base 15, what is 1 + c49?
c4a
In base 9, what is 208 + 4?
213
In base 6, what is -1451 + 3?
-1444
In base 8, what is 53 - -41?
114
In base 4, what is 11 - -22111?
22122
In base 7, what is 5 + 134?
142
In base 2, what is 10100000110 + -10?
10100000100
In base 15, what is -3 + 50?
4c
In base 4, what is -20 - 1311?
-1331
In base 2, what is 10001111 - -100?
10010011
In base 8, what is -21 - 10?
-31
In base 4, what is 10 - -1121103?
1121113
In base 14, what is -6cb + 0?
-6cb
In base 8, what is 3 + 14663?
14666
In base 8, what is -3 - -175?
172
In base 14, what is 855 - 1?
854
In base 11, what is -60 + 0?
-60
In base 3, what is -121002112 + -11?
-121002200
In base 8, what is -2050 - 10?
-2060
In base 10, what is -557 + -8?
-565
In base 11, what is -a8 - 2?
-aa
In base 4, what is -3 - 13212?
-13221
In base 6, what is -312 + 243?
-25
In base 8, what is 302 - -3?
305
In base 7, what is -10 - 445?
-455
In base 8, what is -4 - -1002?
776
In base 3, what is 2 + 2120020?
2120022
In base 5, what is 2 + -1142?
-1140
In base 8, what is 740 + 0?
740
In base 11, what is -1 + -94?
-95
In base 2, what is -1111 - -10?
-1101
In base 5, what is -10 - -11421?
11411
In base 2, what is 100 - 10011001?
-10010101
In base 6, what is 42 - -130?
212
In base 5, what is 30 + 2?
32
In base 4, what is 103312 + -32?
103220
In base 12, what is 15 - -18?
31
In base 4, what is 11 + 20031?
20102
In base 13, what is -493 - -3?
-490
In base 3, what is -20022 + -1?
-20100
In base 8, what is -6 - 436?
-444
In base 15, what is -a + -60?
-6a
In base 10, what is 0 + -23?
-23
In base 9, what is 4 + 6361?
6365
In base 5, what is 1333 + 4?
1342
In base 7, what is 1262 + -1?
1261
In base 7, what is -32526 - 2?
-32531
In base 6, what is 410 - 3?
403
In base 3, what is 10 - -121001?
121011
In base 13, what is -4b6 + 5?
-4b1
In base 11, what is 0 - -398?
398
In base 15, what is -2 - -8?
6
In base 10, what is 68 + -7?
61
In base 2, what is 101010111 + 10?
101011001
In base 9, what is -5 - -821?
815
In base 9, what is 27 - 740?
-712
In base 13, what is 111 - -2?
113
In base 9, what is -158 + -3?
-162
In base 4, what is -200 + 30331?
30131
In base 2, what is 101 - -10011011111?
10011100100
In base 2, what is -1010 - -10000?
110
In base 3, what is 2 + -22122?
-22120
In base 6, what is 14 - -24?
42
In base 12, what is 2 - 8?
-6
In base 14, what is -10d + -d?
-11c
In base 16, what is -84 - c?
-90
In base 5, what is -2 - -20312?
20310
In base 9, what is -282 - -3?
-278
In base 16, what is 5 - -3?
8
In base 3, what is 1100 + 212?
2012
In base 8, what is -2 - 27?
-31
In base 6, what is 4 + 211?
215
In base 10, what is -21 + -23?
-44
In base 5, what is 1 - -223?
224
In base 9, what is 2834 + 1?
2835
In base 2, what is -101 + 1110100?
1101111
In base 2, what is -110001 + 111?
-101010
In base 9, what is -371 + 4?
-366
In base 3, what is -121 + 2?
-112
In base 3, what is 111 - -11111?
11222
In base 11, what is -821 - -3?
-819
In base 13, what is -4 + 136?
132
In base 16, what is a - 5c?
-52
In base 16, what is ce + -c?
c2
In base 12, what is -176 + 5?
-171
In base 12, what is -424 - 1?
-425
In base 4, what is 0 + 111300?
111300
In base 7, what is -103 + 1?
-102
In base 9, what is 6 - 16?
-10
In base 13, 